{"id":699,"date":"2014-11-25T00:27:09","date_gmt":"2014-11-24T23:27:09","guid":{"rendered":"http:\/\/www.neverending.eu\/?page_id=699"},"modified":"2018-11-13T11:52:44","modified_gmt":"2018-11-13T10:52:44","slug":"transfery","status":"publish","type":"page","link":"https:\/\/www.praguerentacar.cz\/cs\/transfery\/","title":{"rendered":"TRANSFERY"},"content":{"rendered":"<p>Autop\u016fj\u010dovna ASAP Rent car roz\u0161i\u0159uje nab\u00eddku sv\u00fdch aktivit a r\u00e1da p\u0159em\u00edst\u00ed V\u00e1s i Va\u0161e zavazadla na m\u00edsto dle konkr\u00e9tn\u00edho p\u0159\u00e1n\u00ed.<\/p>\n<p>&nbsp;<\/p>\n<p><strong><a href=\"https:\/\/www.praguerentacar.cz\/wp-content\/uploads\/2014\/11\/letiste.jpg\"><img loading=\"lazy\" decoding=\"async\" class=\"alignright size-medium wp-image-2113\" src=\"https:\/\/www.praguerentacar.cz\/wp-content\/uploads\/2014\/11\/letiste-300x199.jpg\" alt=\"letiste\" width=\"300\" height=\"199\" srcset=\"https:\/\/www.praguerentacar.cz\/wp-content\/uploads\/2014\/11\/letiste-300x199.jpg 300w, https:\/\/www.praguerentacar.cz\/wp-content\/uploads\/2014\/11\/letiste-360x240.jpg 360w, https:\/\/www.praguerentacar.cz\/wp-content\/uploads\/2014\/11\/letiste-555x368.jpg 555w, https:\/\/www.praguerentacar.cz\/wp-content\/uploads\/2014\/11\/letiste.jpg 722w\" sizes=\"(max-width: 300px) 100vw, 300px\" \/><\/a>Z\u00e1kladn\u00ed varianty poskytovan\u00fdch slu\u017eeb:<br \/>\n<\/strong><\/p>\n<ul>\n<li>Odvoz z\/na leti\u0161t\u011b<br \/>\na) Minibus pro v\u00edce cestuj\u00edc\u00edch do\/z centra Prahy tzv. shuttle (platba za osobu)<br \/>\nb) Soukrom\u00e9 vozidlo p\u0159\u00edmo do\/z hotelu (platba za v\u016fz)<\/li>\n<li>Odvoz na sch\u016fzku a zp\u011bt<\/li>\n<li>Okru\u017en\u00ed j\u00edzdy po Praze<\/li>\n<li>V\u00fdlety a exkurze po \u010cesk\u00e9 republice<\/li>\n<\/ul>\n<p>&nbsp;<\/p>\n<p><strong>Pro\u010d vyu\u017e\u00edt pr\u00e1v\u011b na\u0161ich slu\u017eeb?<br \/>\nCeny:<\/strong> pevn\u011b dan\u00e9.<br \/>\n<strong>Rezervace:<\/strong> zdarma.<br \/>\n<strong>Vozov\u00fd park:<\/strong> automobily zn. Renault (Megane, Laguna, Vel Satis, Espace) a minibusy Opel Vivaro a Renault Trafic, vozy jsou klimatizovan\u00e9 a neku\u0159\u00e1ck\u00e9.<br \/>\n<strong>D\u011btsk\u00e9 autoseda\u010dky:<\/strong> zdarma.<br \/>\n<strong>\u0158idi\u010di:<\/strong> profesion\u00e1lov\u00e9 hovo\u0159\u00edc\u00ed min. jedn\u00edm sv\u011btov\u00fdm jazykem.<br \/>\n<strong>Dopl\u0148kov\u00e9 slu\u017eby:<\/strong> v\u00fdzdoba voz\u016f, drobn\u00e9 d\u00e1rky pro cestuj\u00edc\u00ed (ob\u010derstven\u00ed, kv\u011btiny, tisk).<br \/>\n<strong>Z\u00e1kazn\u00edk:<\/strong> a jeho maxim\u00e1ln\u00ed spokojenost je pro n\u00e1s prioritou.<\/p>\n<p>&nbsp;<\/p>\n<p><strong><span style=\"text-decoration: underline;\">Cen\u00edk transferu z\/na leti\u0161t\u011b V\u00e1clava Havla \/ Ruzyn\u011b (PRG):<br \/>\n<\/span>pro 1-3 osoby \u2013 460 K\u010d za jednu cestu<br \/>\npro 4-7 osob \u2013 670 K\u010d za jednu cestu <\/strong><\/p>\n<p>Poz. Cena zahrnuje: p\u0159istaven\u00ed vozu, parkovn\u00e9 na leti\u0161ti, p\u0159\u00edpadn\u00e9 \u010dek\u00e1n\u00ed vozidla, asistence \u0159idi\u010de (invalid\u00e9, zavazadla, informace).<\/p>\n","protected":false},"excerpt":{"rendered":"<p>Autop\u016fj\u010dovna ASAP Rent car roz\u0161i\u0159uje nab\u00eddku sv\u00fdch aktivit a r\u00e1da p\u0159em\u00edst\u00ed V\u00e1s i Va\u0161e zavazadla na m\u00edsto dle konkr\u00e9tn\u00edho p\u0159\u00e1n\u00ed. &nbsp; Z\u00e1kladn\u00ed varianty poskytovan\u00fdch slu\u017eeb: Odvoz z\/na leti\u0161t\u011b a) Minibus pro v\u00edce cestuj\u00edc\u00edch do\/z centra Prahy tzv. shuttle (platba za osobu) b) Soukrom\u00e9 vozidlo p\u0159\u00edmo do\/z hotelu (platba za v\u016fz) Odvoz na sch\u016fzku a zp\u011bt [&hellip;]<\/p>\n","protected":false},"author":1,"featured_media":1214,"parent":0,"menu_order":0,"comment_status":"closed","ping_status":"closed","template":"template-builder-page.php","meta":{"_et_pb_use_builder":"","_et_pb_old_content":"","_et_gb_content_width":"","footnotes":""},"class_list":["post-699","page","type-page","status-publish","has-post-thumbnail","hentry"],"_links":{"self":[{"href":"https:\/\/www.praguerentacar.cz\/cs\/wp-json\/wp\/v2\/pages\/699","targetHints":{"allow":["GET"]}}],"collection":[{"href":"https:\/\/www.praguerentacar.cz\/cs\/wp-json\/wp\/v2\/pages"}],"about":[{"href":"https:\/\/www.praguerentacar.cz\/cs\/wp-json\/wp\/v2\/types\/page"}],"author":[{"embeddable":true,"href":"https:\/\/www.praguerentacar.cz\/cs\/wp-json\/wp\/v2\/users\/1"}],"replies":[{"embeddable":true,"href":"https:\/\/www.praguerentacar.cz\/cs\/wp-json\/wp\/v2\/comments?post=699"}],"version-history":[{"count":2,"href":"https:\/\/www.praguerentacar.cz\/cs\/wp-json\/wp\/v2\/pages\/699\/revisions"}],"predecessor-version":[{"id":2114,"href":"https:\/\/www.praguerentacar.cz\/cs\/wp-json\/wp\/v2\/pages\/699\/revisions\/2114"}],"wp:featuredmedia":[{"embeddable":true,"href":"https:\/\/www.praguerentacar.cz\/cs\/wp-json\/wp\/v2\/media\/1214"}],"wp:attachment":[{"href":"https:\/\/www.praguerentacar.cz\/cs\/wp-json\/wp\/v2\/media?parent=699"}],"curies":[{"name":"wp","href":"https:\/\/api.w.org\/{rel}","templated":true}]}}

<p>Autopůjčovna ASAP Rent car rozšiřuje nabídku svých aktivit a ráda přemístí Vás i Vaše zavazadla na místo dle konkrétního přání.</p>
<p>&nbsp;</p>
<p><strong><a href="https://www.praguerentacar.cz/wp-content/uploads/2014/11/letiste.jpg"><img loading="lazy" decoding="async" class="alignright size-medium wp-image-2113" src="https://www.praguerentacar.cz/wp-content/uploads/2014/11/letiste-300x199.jpg" alt="letiste" width="300" height="199" srcset="https://www.praguerentacar.cz/wp-content/uploads/2014/11/letiste-300x199.jpg 300w, https://www.praguerentacar.cz/wp-content/uploads/2014/11/letiste-360x240.jpg 360w, https://www.praguerentacar.cz/wp-content/uploads/2014/11/letiste-555x368.jpg 555w, https://www.praguerentacar.cz/wp-content/uploads/2014/11/letiste.jpg 722w" sizes="(max-width: 300px) 100vw, 300px" /></a>Základní varianty poskytovaných služeb:<br />
</strong></p>
<ul>
<li>Odvoz z/na letiště<br />
a) Minibus pro více cestujících do/z centra Prahy tzv. shuttle (platba za osobu)<br />
b) Soukromé vozidlo přímo do/z hotelu (platba za vůz)</li>
<li>Odvoz na schůzku a zpět</li>
<li>Okružní jízdy po Praze</li>
<li>Výlety a exkurze po České republice</li>
</ul>
<p>&nbsp;</p>
<p><strong>Proč využít právě našich služeb?<br />
Ceny:</strong> pevně dané.<br />
<strong>Rezervace:</strong> zdarma.<br />
<strong>Vozový park:</strong> automobily zn. Renault (Megane, Laguna, Vel Satis, Espace) a minibusy Opel Vivaro a Renault Trafic, vozy jsou klimatizované a nekuřácké.<br />
<strong>Dětské autosedačky:</strong> zdarma.<br />
<strong>Řidiči:</strong> profesionálové hovořící min. jedním světovým jazykem.<br />
<strong>Doplňkové služby:</strong> výzdoba vozů, drobné dárky pro cestující (občerstvení, květiny, tisk).<br />
<strong>Zákazník:</strong> a jeho maximální spokojenost je pro nás prioritou.</p>
<p>&nbsp;</p>
<p><strong><span style="text-decoration: underline;">Ceník transferu z/na letiště Václava Havla / Ruzyně (PRG):<br />
</span>pro 1-3 osoby – 460 Kč za jednu cestu<br />
pro 4-7 osob – 670 Kč za jednu cestu </strong></p>
<p>Poz. Cena zahrnuje: přistavení vozu, parkovné na letišti, případné čekání vozidla, asistence řidiče (invalidé, zavazadla, informace).</p>

<p>Autopůjčovna ASAP Rent car rozšiřuje nabídku svých aktivit a ráda přemístí Vás i Vaše zavazadla na místo dle konkrétního přání. &nbsp; Základní varianty poskytovaných služeb: Odvoz z/na letiště a) Minibus pro více cestujících do/z centra Prahy tzv. shuttle (platba za osobu) b) Soukromé vozidlo přímo do/z hotelu (platba za vůz) Odvoz na schůzku a zpět [&hellip;]</p>
